1, what is -2 - 1a9?
-200
In base 14, what is -4 - 3da?
-400
In base 3, what is -1001221 - -1?
-1001220
In base 7, what is 21 - -14?
35
In base 8, what is -3 + -516?
-521
In base 9, what is 1 + -51?
-50
In base 2, what is -111011001001 - 101?
-111011001110
In base 6, what is 1004 + -5?
555
In base 5, what is 24 - -140?
214
In base 16, what is -5 + -8?
-d
In base 11, what is 5 + -1328?
-1323
In base 14, what is -3a9 + 3?
-3a6
In base 3, what is 2 - 110112?
-110110
In base 16, what is -4 + 26?
22
In base 8, what is -126 + 53?
-53
In base 14, what is 3 - -4?
7
In base 14, what is 3 + -b8?
-b5
In base 2, what is 10 - 1000111010001?
-1000111001111
In base 3, what is -21201 - 202?
-22110
In base 12, what is -7a - 2?
-80
In base 11, what is 3 - -396?
399
In base 8, what is 331 + -6?
323
In base 11, what is -18 - -395?
378
In base 6, what is 4 + 1242?
1250
In base 13, what is 1 + -157b?
-157a
In base 14, what is -1 + -129?
-12a
In base 6, what is -13 + -220?
-233
In base 11, what is 5552 + 5?
5557
In base 14, what is -22 - -1?
-21
In base 6, what is -421 - -11?
-410
In base 16, what is 0 + c?
c
In base 5, what is 1 - -3122?
3123
In base 2, what is -10 + -10011001?
-10011011
In base 8, what is 7 + -104?
-75
In base 8, what is 207 - -121?
330
In base 16, what is a1b + -1?
a1a
In base 7, what is 3 - 135?
-132
In base 8, what is -2012 - 12?
-2024
In base 2, what is -10001 + 1?
-10000
In base 11, what is 120 - 1?
11a
In base 14, what is -12d + -5?
-134
In base 15, what is 1 - -26a?
26b
In base 9, what is 75 - -142?
227
In base 12, what is 3a - 0?
3a
In base 3, what is 12 - -201010?
201022
In base 10, what is -332 - -1?
-331
In base 7, what is -14 - -343?
326
In base 2, what is -10011111 + -110100?
-11010011
In base 6, what is -3425 - 0?
-3425
In base 5, what is 22 + -1012?
-440
In base 15, what is -1 + 8a?
89
In base 14, what is 0 - c0?
-c0
In base 2, what is -11 - 110010000110?
-110010001001
In base 11, what is 1 + -29?
-28
In base 14, what is -48b8 + -2?
-48ba
In base 11, what is 125 + 0?
125
In base 2, what is -1111 - 110?
-10101
In base 7, what is -512 + -5?
-520
In base 16, what is -1b + 1c?
1
In base 6, what is -4 - -34?
30
In base 13, what is -1 - -3?
2
In base 5, what is 10 + -3314?
-3304
In base 3, what is 122001101 - 1?
122001100
In base 4, what is -2 + -233?
-301
In base 9, what is -3 - 255?
-258
In base 13, what is 499 - -1?
49a
In base 6, what is 1 + -4025?
-4024
In base 5, what is 3242 + -2?
3240
In base 16, what is -155 + -5?
-15a
In base 16, what is -1fc + -4?
-200
In base 3, what is -22 + 1101?
1002
In base 6, what is 5 - 13211?
-13202
In base 10, what is -10 - 1?
-11
In base 10, what is -4 + -6?
-10
In base 3, what is -1122102111 - -10?
-1122102101
In base 9, what is 236 + 1?
237
In base 16, what is -15b + -2?
-15d
In base 6, what is -351 - -5?
-342
In base 12, what is 804 - 19?
7a7
In base 3, what is -1 - 100110212?
-100110220
In base 11, what is 2 + 413?
415
In base 3, what is -101011101 - 12?
-101011120
In base 14, what is 80 + 5?
85
In base 6, what is -34420 + -3?
-34423
In base 4, what is -11 - -1331?
1320
In base 5, what is -24 - -101?
22
In base 8, what is 17 - 43?
-24
In base 3, what is -2111 + 11?
-2100
In base 5, what is 331 + 4?
340
In base 3, what is 10 - 2022?
-2012
In base 8, what is 5 - 2763?
-2756
In base 7, what is -10 - 126?
-136
In base 13, what is 1 - -45?
46
In base 6, what is -214003 + 5?
-213554
In base 11, what is -12 + -28?
-3a
In base 14, what is 78 - -2?
7a
In base 8, what is 43 + -105?
-42
In base 9, what is -88 - 14?
-113
In base 7, what is -1020 - 0?
-1020
In base 7, what is 0 + 146?
146
In base 6, what is 5 - 214?
-205
In base 5, what is 40 + 21?
111
In base 6, what is 13 + 401?
414
In base 12, what is -56 - -2?
-54
In base 8, what is 0 - 532?
-532
In base 9, what is -20 - 73?
-103
In base 14, what is -17 - 67?
-80
In base 2, what is 11011110011 - -1010?
11011111101
In base 4, what is 3200 + 20?
3220
In base 14, what is 197d + 0?
197d
In base 16, what is 38 - -2?
3a
In base 4, what is 33010 + 11?
33021
In base 15, what is 12 - 12a?
-118
In base 15, what is -2 + c2?
c0
In base 2, what is 1001011 - -1?
1001100
In base 3, what is 1101111 - -10?
1101121
In base 11, what is -2 + 207?
205
In base 4, what is -10 - 31?
-101
In base 15, what is 1 - -8c?
8d
In base 8, what is 7 + -1463?
-1454
In base 14, what is 5 + 933?
938
In base 13, what is 4 + -b8?
-b4
In base 13, what is -5 - -9c?
97
In base 9, what is 17501 + -1?
17500
In base 10, what is -7 + 143?
136
In base 10, what is 3 - 46?
-43
In base 6, what is 1 - -2212?
2213
In base 15, what is 61 + -7?
59
In base 3, what is 0 + 121?
121
In base 2, what is 11100101 + -110001?
10110100
In base 10, what is 19654 - -3?
19657
In base 2, what is 111111 - -101?
1000100
In base 3, what is 12 - 2100?
-2011
In base 9, what is -2 - -8518?
8516
In base 3, what is -11222 + -10?
-12002
In base 10, what is -220 + 3?
-217
In base 13, what is 3 - -5?
8
In base 4, what is -10333 + -21?
-11020
In base 14, what is 1022 + -5?
101b
In base 5, what is 223 + 100?
323
In base 2, what is 1011100011001 - 101?
1011100010100
In base 15, what is 2 - 494?
-492
In base 4, what is -1221 + 313?
-302
In base 10, what is 3357 + -5?
3352
In base 3, what is 1020112 + 12?
1020201
In base 11, what is 2177 + -4?
2173
In base 8, what is 0 - 70?
-70
In base 10, what is -4 - -4376?
4372
In base 16, what is 5 + 128?
12d
In base 3, what is -11 + -21?
-102
In base 8, what is -102 - 1?
-103
In base 14, what is -326 + -4?
-32a
In base 2, what is -100 - -100010110011?
100010101111
In base 11, what is 2 - 1130?
-1129
In base 14, what is -1c1 + 2b?
-194
In base 13, what is 46 + 19?
62
In base 6, what is 4 - 13345?
-13341
In base 16, what is 2d - -2?
2f
In base 11, what is 18 + 1?
19
In base 13, what is -4 - 3a?
-41
In base 9, what is 75 - 5?
70
In base 11, what is -1 - 49?
-4a
In base 15, what is -1451 - 3?
-1454
In base 7, what is 2 + 144?
146
In base 5, what is -2 - 321?
-323
In base 8, what is 665 + -24?
641
In base 8, what is -35 - 4?
-41
In base 7, what is -13 - 46?
-62
In base 3, what is -100222112 + 2?
-100222110
In base 12, what is -3 + -83?
-86
In base 6, what is 5 - -420?
425
In base 5, what is -31 - 0?
-31
In base 14, what is 4 - -268?
26c
In base 6, what is -124520 + 2?
-124514
In base 3, what is -1011 + 12211?
11200
In base 2, what is 101101110 - -100?
101110010
In base 4, what is 1231 + -12?
1213
In base 7, what is 1242 + -2?
1240
In base 12, what is 3 + -6?
-3
In base 15, what is 1 + b?
c
In base 14, what is -16 - 1b?
-33
In base 7, what is -2 - 15?
-20
In base 10, what is 117 + -308?
-191
In base 8, what is -2 + -1447?
-1451
In base 4, what is -210 - -3?
-201
In base 9, what is 61 - -2?
63
In base 15, what is a3 + -5?
9d
In base 7, what is -15 - -35?
20
In base 3, what is -10011 - 2?
-10020
In base 11, what is -29 - -23?
-6
In base 12, what is 100 + 11?
111
In base 4, what is 2311 - 3?
2302
In base 14, what is 8 + -1c9?
-1c1
In base 14, what is -5 - -72?
6b
In base 4, what is 10 - -12?
22
In base 10, what is 1 - -889?
890
In base 2, what is 11 - 10000111?
-10000100
In base 5, what is 22 - 1243?
-1221
In base 4, what is 13010 + 2?
13012
In base 11, what is -2 + 17?
15
In base 9, what is -3355 + -3?
-3358
In base 14, what is 4 + 432?
436
In base 3, what is 2112 + 0?
2112
In base 7, what is -56566 + 1?
-56565
In base 9, what is -154 + -24?
-178
In base 11, what is -a24 - -5?
-a1a
In base 9, what is -10 + -6?
-16
In base 4, what is 0 - 1130112?
-1130112
In base 6, what is -25221 - -2?
-25215
In base 10, what is -1 + 28?
27
In base 13, what is 1 + 5b?
5c
In base 5, what is -2 - 1234?
-1241
In base 8, what is -41 + -117?
-160
In base 3, what is -1 - 20020?
-20021
In base 12, what is 26 - 9?
19
In base 10, what is 13 + 621?
634
In base 14, what is -12 + -3?
-15
In base 16, what is a - -107?
111
In base 5, what is 21032 + 3?
21040
In base 9, what is -474 + 3?
-471
In base 8, what is 4 + -1754?
-1750
In base 9, what is 17 - 2?
15
In base 3, what is 2212 - 10?
2202
In base 16, what is -218 - -3?
-215
In base 6, what is 33455 + -5?
33450
In base 11, what is 5 - -905?
90a
In base 14, what is -52 - -9?
-47
In base 9, what is 3 + 152?
155
In base 2, what is -10 + -1000101?
-1000111
In base 3, what is -1122011 +